{"id":1795,"date":"2025-09-08T15:32:44","date_gmt":"2025-09-08T13:32:44","guid":{"rendered":"https:\/\/europhras.org\/?post_type=publikation&#038;p=1795"},"modified":"2025-09-08T15:32:44","modified_gmt":"2025-09-08T13:32:44","slug":"o-pao-nosso-de-cada-dia-a-fraseologia-biblica-e-a-sua-representacao-na-literatura-brasileira-do-seculo-xix","status":"publish","type":"publikation","link":"https:\/\/europhras.org\/de\/publikation\/o-pao-nosso-de-cada-dia-a-fraseologia-biblica-e-a-sua-representacao-na-literatura-brasileira-do-seculo-xix\/","title":{"rendered":"O p\u00e3o nosso de cada d\u00eda. A fraseologia b\u00edblica e a sua representa\u00e7\u00e3o na literatura brasileira do s\u00e9culo XIX"},"content":{"rendered":"","protected":false},"featured_media":1796,"template":"","class_list":["post-1795","publikation","type-publikation","status-publish","has-post-thumbnail"],"acf":[],"yoast_head":"<!-- This site is optimized with the Yoast SEO plugin v26.6 - https:\/\/yoast.com\/wordpress\/plugins\/seo\/ -->\n<title>O p\u00e3o nosso de cada d\u00eda. A fraseologia b\u00edblica e a sua representa\u00e7\u00e3o na literatura brasileira do s\u00e9culo XIX - Europhras<\/title>\n<meta name=\"robots\" content=\"index, follow, max-snippet:-1, max-image-preview:large, max-video-preview:-1\" \/>\n<link rel=\"canonical\" href=\"https:\/\/europhras.org\/de\/publikation\/o-pao-nosso-de-cada-dia-a-fraseologia-biblica-e-a-sua-representacao-na-literatura-brasileira-do-seculo-xix\/\" \/>\n<meta property=\"og:locale\" content=\"de_DE\" \/>\n<meta property=\"og:type\" content=\"article\" \/>\n<meta property=\"og:title\" content=\"O p\u00e3o nosso de cada d\u00eda. A fraseologia b\u00edblica e a sua representa\u00e7\u00e3o na literatura brasileira do s\u00e9culo XIX - Europhras\" \/>\n<meta property=\"og:url\" content=\"https:\/\/europhras.org\/de\/publikation\/o-pao-nosso-de-cada-dia-a-fraseologia-biblica-e-a-sua-representacao-na-literatura-brasileira-do-seculo-xix\/\" \/>\n<meta property=\"og:site_name\" content=\"Europhras\" \/>\n<meta property=\"og:image\" content=\"https:\/\/europhras.org\/wp-content\/uploads\/2025\/09\/Capa_VIcenteP6.jpg\" \/>\n\t<meta property=\"og:image:width\" content=\"487\" \/>\n\t<meta property=\"og:image:height\" content=\"700\" \/>\n\t<meta property=\"og:image:type\" content=\"image\/jpeg\" \/>\n<meta name=\"twitter:card\" content=\"summary_large_image\" \/>\n<meta name=\"twitter:label1\" content=\"Gesch\u00e4tzte Lesezeit\" \/>\n\t<meta name=\"twitter:data1\" content=\"1\u00a0Minute\" \/>\n<script type=\"application\/ld+json\" class=\"yoast-schema-graph\">{\"@context\":\"https:\/\/schema.org\",\"@graph\":[{\"@type\":\"WebPage\",\"@id\":\"https:\/\/europhras.org\/de\/publikation\/o-pao-nosso-de-cada-dia-a-fraseologia-biblica-e-a-sua-representacao-na-literatura-brasileira-do-seculo-xix\/\",\"url\":\"https:\/\/europhras.org\/de\/publikation\/o-pao-nosso-de-cada-dia-a-fraseologia-biblica-e-a-sua-representacao-na-literatura-brasileira-do-seculo-xix\/\",\"name\":\"O p\u00e3o nosso de cada d\u00eda. A fraseologia b\u00edblica e a sua representa\u00e7\u00e3o na literatura brasileira do s\u00e9culo XIX - Europhras\",\"isPartOf\":{\"@id\":\"https:\/\/europhras.org\/de\/#website\"},\"primaryImageOfPage\":{\"@id\":\"https:\/\/europhras.org\/de\/publikation\/o-pao-nosso-de-cada-dia-a-fraseologia-biblica-e-a-sua-representacao-na-literatura-brasileira-do-seculo-xix\/#primaryimage\"},\"image\":{\"@id\":\"https:\/\/europhras.org\/de\/publikation\/o-pao-nosso-de-cada-dia-a-fraseologia-biblica-e-a-sua-representacao-na-literatura-brasileira-do-seculo-xix\/#primaryimage\"},\"thumbnailUrl\":\"https:\/\/europhras.org\/wp-content\/uploads\/2025\/09\/Capa_VIcenteP6.jpg\",\"datePublished\":\"2025-09-08T13:32:44+00:00\",\"breadcrumb\":{\"@id\":\"https:\/\/europhras.org\/de\/publikation\/o-pao-nosso-de-cada-dia-a-fraseologia-biblica-e-a-sua-representacao-na-literatura-brasileira-do-seculo-xix\/#breadcrumb\"},\"inLanguage\":\"de\",\"potentialAction\":[{\"@type\":\"ReadAction\",\"target\":[\"https:\/\/europhras.org\/de\/publikation\/o-pao-nosso-de-cada-dia-a-fraseologia-biblica-e-a-sua-representacao-na-literatura-brasileira-do-seculo-xix\/\"]}]},{\"@type\":\"ImageObject\",\"inLanguage\":\"de\",\"@id\":\"https:\/\/europhras.org\/de\/publikation\/o-pao-nosso-de-cada-dia-a-fraseologia-biblica-e-a-sua-representacao-na-literatura-brasileira-do-seculo-xix\/#primaryimage\",\"url\":\"https:\/\/europhras.org\/wp-content\/uploads\/2025\/09\/Capa_VIcenteP6.jpg\",\"contentUrl\":\"https:\/\/europhras.org\/wp-content\/uploads\/2025\/09\/Capa_VIcenteP6.jpg\",\"width\":487,\"height\":700},{\"@type\":\"BreadcrumbList\",\"@id\":\"https:\/\/europhras.org\/de\/publikation\/o-pao-nosso-de-cada-dia-a-fraseologia-biblica-e-a-sua-representacao-na-literatura-brasileira-do-seculo-xix\/#breadcrumb\",\"itemListElement\":[{\"@type\":\"ListItem\",\"position\":1,\"name\":\"Startseite\",\"item\":\"https:\/\/europhras.org\/de\/\"},{\"@type\":\"ListItem\",\"position\":2,\"name\":\"Publikationen\",\"item\":\"https:\/\/europhras.org\/de\/publikation\/\"},{\"@type\":\"ListItem\",\"position\":3,\"name\":\"O p\u00e3o nosso de cada d\u00eda. A fraseologia b\u00edblica e a sua representa\u00e7\u00e3o na literatura brasileira do s\u00e9culo XIX\"}]},{\"@type\":\"WebSite\",\"@id\":\"https:\/\/europhras.org\/de\/#website\",\"url\":\"https:\/\/europhras.org\/de\/\",\"name\":\"Europhras\",\"description\":\"\",\"publisher\":{\"@id\":\"https:\/\/europhras.org\/de\/#organization\"},\"potentialAction\":[{\"@type\":\"SearchAction\",\"target\":{\"@type\":\"EntryPoint\",\"urlTemplate\":\"https:\/\/europhras.org\/de\/?s={search_term_string}\"},\"query-input\":{\"@type\":\"PropertyValueSpecification\",\"valueRequired\":true,\"valueName\":\"search_term_string\"}}],\"inLanguage\":\"de\"},{\"@type\":\"Organization\",\"@id\":\"https:\/\/europhras.org\/de\/#organization\",\"name\":\"Europhras\",\"url\":\"https:\/\/europhras.org\/de\/\",\"logo\":{\"@type\":\"ImageObject\",\"inLanguage\":\"de\",\"@id\":\"https:\/\/europhras.org\/de\/#\/schema\/logo\/image\/\",\"url\":\"https:\/\/europhras.org\/wp-content\/uploads\/2024\/10\/ep-logo_2x.png\",\"contentUrl\":\"https:\/\/europhras.org\/wp-content\/uploads\/2024\/10\/ep-logo_2x.png\",\"width\":1231,\"height\":220,\"caption\":\"Europhras\"},\"image\":{\"@id\":\"https:\/\/europhras.org\/de\/#\/schema\/logo\/image\/\"}}]}<\/script>\n<!-- \/ Yoast SEO plugin. -->","yoast_head_json":{"title":"O p\u00e3o nosso de cada d\u00eda. A fraseologia b\u00edblica e a sua representa\u00e7\u00e3o na literatura brasileira do s\u00e9culo XIX - Europhras","robots":{"index":"index","follow":"follow","max-snippet":"max-snippet:-1","max-image-preview":"max-image-preview:large","max-video-preview":"max-video-preview:-1"},"canonical":"https:\/\/europhras.org\/de\/publikation\/o-pao-nosso-de-cada-dia-a-fraseologia-biblica-e-a-sua-representacao-na-literatura-brasileira-do-seculo-xix\/","og_locale":"de_DE","og_type":"article","og_title":"O p\u00e3o nosso de cada d\u00eda. A fraseologia b\u00edblica e a sua representa\u00e7\u00e3o na literatura brasileira do s\u00e9culo XIX - Europhras","og_url":"https:\/\/europhras.org\/de\/publikation\/o-pao-nosso-de-cada-dia-a-fraseologia-biblica-e-a-sua-representacao-na-literatura-brasileira-do-seculo-xix\/","og_site_name":"Europhras","og_image":[{"width":487,"height":700,"url":"https:\/\/europhras.org\/wp-content\/uploads\/2025\/09\/Capa_VIcenteP6.jpg","type":"image\/jpeg"}],"twitter_card":"summary_large_image","twitter_misc":{"Gesch\u00e4tzte Lesezeit":"1\u00a0Minute"},"schema":{"@context":"https:\/\/schema.org","@graph":[{"@type":"WebPage","@id":"https:\/\/europhras.org\/de\/publikation\/o-pao-nosso-de-cada-dia-a-fraseologia-biblica-e-a-sua-representacao-na-literatura-brasileira-do-seculo-xix\/","url":"https:\/\/europhras.org\/de\/publikation\/o-pao-nosso-de-cada-dia-a-fraseologia-biblica-e-a-sua-representacao-na-literatura-brasileira-do-seculo-xix\/","name":"O p\u00e3o nosso de cada d\u00eda. A fraseologia b\u00edblica e a sua representa\u00e7\u00e3o na literatura brasileira do s\u00e9culo XIX - Europhras","isPartOf":{"@id":"https:\/\/europhras.org\/de\/#website"},"primaryImageOfPage":{"@id":"https:\/\/europhras.org\/de\/publikation\/o-pao-nosso-de-cada-dia-a-fraseologia-biblica-e-a-sua-representacao-na-literatura-brasileira-do-seculo-xix\/#primaryimage"},"image":{"@id":"https:\/\/europhras.org\/de\/publikation\/o-pao-nosso-de-cada-dia-a-fraseologia-biblica-e-a-sua-representacao-na-literatura-brasileira-do-seculo-xix\/#primaryimage"},"thumbnailUrl":"https:\/\/europhras.org\/wp-content\/uploads\/2025\/09\/Capa_VIcenteP6.jpg","datePublished":"2025-09-08T13:32:44+00:00","breadcrumb":{"@id":"https:\/\/europhras.org\/de\/publikation\/o-pao-nosso-de-cada-dia-a-fraseologia-biblica-e-a-sua-representacao-na-literatura-brasileira-do-seculo-xix\/#breadcrumb"},"inLanguage":"de","potentialAction":[{"@type":"ReadAction","target":["https:\/\/europhras.org\/de\/publikation\/o-pao-nosso-de-cada-dia-a-fraseologia-biblica-e-a-sua-representacao-na-literatura-brasileira-do-seculo-xix\/"]}]},{"@type":"ImageObject","inLanguage":"de","@id":"https:\/\/europhras.org\/de\/publikation\/o-pao-nosso-de-cada-dia-a-fraseologia-biblica-e-a-sua-representacao-na-literatura-brasileira-do-seculo-xix\/#primaryimage","url":"https:\/\/europhras.org\/wp-content\/uploads\/2025\/09\/Capa_VIcenteP6.jpg","contentUrl":"https:\/\/europhras.org\/wp-content\/uploads\/2025\/09\/Capa_VIcenteP6.jpg","width":487,"height":700},{"@type":"BreadcrumbList","@id":"https:\/\/europhras.org\/de\/publikation\/o-pao-nosso-de-cada-dia-a-fraseologia-biblica-e-a-sua-representacao-na-literatura-brasileira-do-seculo-xix\/#breadcrumb","itemListElement":[{"@type":"ListItem","position":1,"name":"Startseite","item":"https:\/\/europhras.org\/de\/"},{"@type":"ListItem","position":2,"name":"Publikationen","item":"https:\/\/europhras.org\/de\/publikation\/"},{"@type":"ListItem","position":3,"name":"O p\u00e3o nosso de cada d\u00eda. A fraseologia b\u00edblica e a sua representa\u00e7\u00e3o na literatura brasileira do s\u00e9culo XIX"}]},{"@type":"WebSite","@id":"https:\/\/europhras.org\/de\/#website","url":"https:\/\/europhras.org\/de\/","name":"Europhras","description":"","publisher":{"@id":"https:\/\/europhras.org\/de\/#organization"},"potentialAction":[{"@type":"SearchAction","target":{"@type":"EntryPoint","urlTemplate":"https:\/\/europhras.org\/de\/?s={search_term_string}"},"query-input":{"@type":"PropertyValueSpecification","valueRequired":true,"valueName":"search_term_string"}}],"inLanguage":"de"},{"@type":"Organization","@id":"https:\/\/europhras.org\/de\/#organization","name":"Europhras","url":"https:\/\/europhras.org\/de\/","logo":{"@type":"ImageObject","inLanguage":"de","@id":"https:\/\/europhras.org\/de\/#\/schema\/logo\/image\/","url":"https:\/\/europhras.org\/wp-content\/uploads\/2024\/10\/ep-logo_2x.png","contentUrl":"https:\/\/europhras.org\/wp-content\/uploads\/2024\/10\/ep-logo_2x.png","width":1231,"height":220,"caption":"Europhras"},"image":{"@id":"https:\/\/europhras.org\/de\/#\/schema\/logo\/image\/"}}]}},"_links":{"self":[{"href":"https:\/\/europhras.org\/de\/wp-json\/wp\/v2\/publikation\/1795","targetHints":{"allow":["GET"]}}],"collection":[{"href":"https:\/\/europhras.org\/de\/wp-json\/wp\/v2\/publikation"}],"about":[{"href":"https:\/\/europhras.org\/de\/wp-json\/wp\/v2\/types\/publikation"}],"wp:featuredmedia":[{"embeddable":true,"href":"https:\/\/europhras.org\/de\/wp-json\/wp\/v2\/media\/1796"}],"wp:attachment":[{"href":"https:\/\/europhras.org\/de\/wp-json\/wp\/v2\/media?parent=1795"}],"curies":[{"name":"wp","href":"https:\/\/api.w.org\/{rel}","templated":true}]}}

O pão nosso de cada día. A fraseologia bíblica e a sua representação na literatura brasileira do século XIX

<!-- This site is optimized with the Yoast SEO plugin v26.6 - https://yoast.com/wordpress/plugins/seo/ -->
<title>O pão nosso de cada día. A fraseologia bíblica e a sua representação na literatura brasileira do século XIX - Europhras</title>
<meta name="robots" content="index, follow, max-snippet:-1, max-image-preview:large, max-video-preview:-1" />
<link rel="canonical" href="https://europhras.org/de/publikation/o-pao-nosso-de-cada-dia-a-fraseologia-biblica-e-a-sua-representacao-na-literatura-brasileira-do-seculo-xix/" />
<meta property="og:locale" content="de_DE" />
<meta property="og:type" content="article" />
<meta property="og:title" content="O pão nosso de cada día. A fraseologia bíblica e a sua representação na literatura brasileira do século XIX - Europhras" />
<meta property="og:url" content="https://europhras.org/de/publikation/o-pao-nosso-de-cada-dia-a-fraseologia-biblica-e-a-sua-representacao-na-literatura-brasileira-do-seculo-xix/" />
<meta property="og:site_name" content="Europhras" />
<meta property="og:image" content="https://europhras.org/wp-content/uploads/2025/09/Capa_VIcenteP6.jpg" />
	<meta property="og:image:width" content="487" />
	<meta property="og:image:height" content="700" />
	<meta property="og:image:type" content="image/jpeg" />
<meta name="twitter:card" content="summary_large_image" />
<meta name="twitter:label1" content="Geschätzte Lesezeit" />
	<meta name="twitter:data1" content="1 Minute" />
<script type="application/ld+json" class="yoast-schema-graph">{"@context":"https://schema.org","@graph":[{"@type":"WebPage","@id":"https://europhras.org/de/publikation/o-pao-nosso-de-cada-dia-a-fraseologia-biblica-e-a-sua-representacao-na-literatura-brasileira-do-seculo-xix/","url":"https://europhras.org/de/publikation/o-pao-nosso-de-cada-dia-a-fraseologia-biblica-e-a-sua-representacao-na-literatura-brasileira-do-seculo-xix/","name":"O pão nosso de cada día. A fraseologia bíblica e a sua representação na literatura brasileira do século XIX - Europhras","isPartOf":{"@id":"https://europhras.org/de/#website"},"primaryImageOfPage":{"@id":"https://europhras.org/de/publikation/o-pao-nosso-de-cada-dia-a-fraseologia-biblica-e-a-sua-representacao-na-literatura-brasileira-do-seculo-xix/#primaryimage"},"image":{"@id":"https://europhras.org/de/publikation/o-pao-nosso-de-cada-dia-a-fraseologia-biblica-e-a-sua-representacao-na-literatura-brasileira-do-seculo-xix/#primaryimage"},"thumbnailUrl":"https://europhras.org/wp-content/uploads/2025/09/Capa_VIcenteP6.jpg","datePublished":"2025-09-08T13:32:44+00:00","breadcrumb":{"@id":"https://europhras.org/de/publikation/o-pao-nosso-de-cada-dia-a-fraseologia-biblica-e-a-sua-representacao-na-literatura-brasileira-do-seculo-xix/#breadcrumb"},"inLanguage":"de","potentialAction":[{"@type":"ReadAction","target":["https://europhras.org/de/publikation/o-pao-nosso-de-cada-dia-a-fraseologia-biblica-e-a-sua-representacao-na-literatura-brasileira-do-seculo-xix/"]}]},{"@type":"ImageObject","inLanguage":"de","@id":"https://europhras.org/de/publikation/o-pao-nosso-de-cada-dia-a-fraseologia-biblica-e-a-sua-representacao-na-literatura-brasileira-do-seculo-xix/#primaryimage","url":"https://europhras.org/wp-content/uploads/2025/09/Capa_VIcenteP6.jpg","contentUrl":"https://europhras.org/wp-content/uploads/2025/09/Capa_VIcenteP6.jpg","width":487,"height":700},{"@type":"BreadcrumbList","@id":"https://europhras.org/de/publikation/o-pao-nosso-de-cada-dia-a-fraseologia-biblica-e-a-sua-representacao-na-literatura-brasileira-do-seculo-xix/#breadcrumb","itemListElement":[{"@type":"ListItem","position":1,"name":"Startseite","item":"https://europhras.org/de/"},{"@type":"ListItem","position":2,"name":"Publikationen","item":"https://europhras.org/de/publikation/"},{"@type":"ListItem","position":3,"name":"O pão nosso de cada día. A fraseologia bíblica e a sua representação na literatura brasileira do século XIX"}]},{"@type":"WebSite","@id":"https://europhras.org/de/#website","url":"https://europhras.org/de/","name":"Europhras","description":"","publisher":{"@id":"https://europhras.org/de/#organization"},"potentialAction":[{"@type":"SearchAction","target":{"@type":"EntryPoint","urlTemplate":"https://europhras.org/de/?s={search_term_string}"},"query-input":{"@type":"PropertyValueSpecification","valueRequired":true,"valueName":"search_term_string"}}],"inLanguage":"de"},{"@type":"Organization","@id":"https://europhras.org/de/#organization","name":"Europhras","url":"https://europhras.org/de/","logo":{"@type":"ImageObject","inLanguage":"de","@id":"https://europhras.org/de/#/schema/logo/image/","url":"https://europhras.org/wp-content/uploads/2024/10/ep-logo_2x.png","contentUrl":"https://europhras.org/wp-content/uploads/2024/10/ep-logo_2x.png","width":1231,"height":220,"caption":"Europhras"},"image":{"@id":"https://europhras.org/de/#/schema/logo/image/"}}]}</script>
<!-- / Yoast SEO plugin. -->

O pão nosso de cada día. A fraseologia bíblica e a sua representação na literatura brasileira do século XIX - Europhras
